hundred thousands digit of 1595715322?
7
What is the tens digit of 965239916?
1
What is the hundreds digit of 550623042?
0
What is the tens digit of 474111242?
4
What is the ten thousands digit of 2981276?
8
What is the units digit of 1433187058?
8
What is the thousands digit of 347069530?
9
What is the hundreds digit of 164230215?
2
What is the hundred thousands digit of 52918143?
9
What is the millions digit of 296041614?
6
What is the ten thousands digit of 423256312?
5
What is the ten millions digit of 3705675643?
0
What is the hundreds digit of 1841828685?
6
What is the hundreds digit of 2422026178?
1
What is the units digit of 522648916?
6
What is the thousands digit of 41502829?
2
What is the hundreds digit of 38535419?
4
What is the thousands digit of 28981943?
1
What is the units digit of 994662298?
8
What is the millions digit of 30792380?
0
What is the thousands digit of 12961309?
1
What is the hundred thousands digit of 2397920290?
9
What is the ten thousands digit of 7693483?
9
What is the hundreds digit of 2401204313?
3
What is the ten millions digit of 4492824707?
9
What is the ten thousands digit of 2606742018?
4
What is the hundreds digit of 319600066?
0
What is the units digit of 25373714?
4
What is the ten thousands digit of 981019643?
1
What is the hundreds digit of 788018014?
0
What is the billions digit of 1787808099?
1
What is the ten millions digit of 3020550834?
2
What is the hundred millions digit of 2334009538?
3
What is the ten thousands digit of 82487222?
8
What is the hundred millions digit of 633193266?
6
What is the tens digit of 3346640335?
3
What is the ten millions digit of 214440884?
1
What is the tens digit of 1199792429?
2
What is the millions digit of 1758136215?
8
What is the hundred thousands digit of 46500433?
5
What is the hundred thousands digit of 2211691447?
6
What is the millions digit of 98081735?
8
What is the hundred thousands digit of 72248327?
2
What is the thousands digit of 68810241?
0
What is the tens digit of 166601379?
7
What is the units digit of 52247176?
6
What is the ten thousands digit of 111286278?
8
What is the hundred thousands digit of 90128146?
1
What is the tens digit of 8725237?
3
What is the ten millions digit of 35965069?
3
What is the units digit of 174508874?
4
What is the hundred thousands digit of 46333416?
3
What is the ten millions digit of 191173166?
9
What is the tens digit of 20197843?
4
What is the hundred millions digit of 2489663647?
4
What is the millions digit of 752684038?
2
What is the hundreds digit of 522918550?
5
What is the ten millions digit of 475165217?
7
What is the hundreds digit of 64186461?
4
What is the millions digit of 1436123673?
6
What is the hundreds digit of 176998913?
9
What is the hundred thousands digit of 419668719?
6
What is the ten millions digit of 36226193?
3
What is the ten millions digit of 2076619266?
7
What is the units digit of 212162529?
9
What is the tens digit of 79328087?
8
What is the millions digit of 159571492?
9
What is the units digit of 3560564323?
3
What is the tens digit of 12358980?
8
What is the units digit of 27748674?
4
What is the billions digit of 4354578886?
4
What is the hundreds digit of 763870981?
9
What is the hundreds digit of 1126427494?
4
What is the hundreds digit of 6684288266?
2
What is the thousands digit of 459731115?
1
What is the ten millions digit of 88444653?
8
What is the tens digit of 94221862?
6
What is the millions digit of 71334839?
1
What is the hundreds digit of 122026368?
3
What is the ten thousands digit of 49921161?
2
What is the units digit of 448150105?
5
What is the units digit of 220262562?
2
What is the tens digit of 89726921?
2
What is the hundred thousands digit of 3779311960?
3
What is the ten thousands digit of 278446329?
4
What is the ten thousands digit of 150862124?
6
What is the units digit of 933890984?
4
What is the hundred thousands digit of 408495200?
4
What is the hundreds digit of 756994175?
1
What is the ten millions digit of 29763946?
2
What is the hundred thousands digit of 52682280?
6
What is the hundred thousands digit of 792675748?
6
What is the millions digit of 15778907?
5
What is the units digit of 32531100?
0
What is the hundred thousands digit of 2143270988?
2
What is the ten thousands digit of 2139099965?
9
What is the hundred thousands digit of 307203089?
2
What is the units digit of 2380450107?
7
What is the hundreds digit of 166827396?
3
What is the ten thousands digit of 3967279941?
7
What is the ten thousands digit of 8250962950?
6
What is the billions digit of 1687323709?
1
What is the tens digit of 1136498988?
8
What is the ten millions digit of 7563541531?
6
What is the millions digit of 564193708?
4
What is the thousands digit of 6430139?
0
What is the thousands digit of 154545793?
5
What is the ten millions digit of 475690894?
7
What is the ten millions digit of 4573172765?
7
What is the ten thousands digit of 99027781?
2
What is the millions digit of 57932855?
7
What is the ten thousands digit of 95389287?
8
What is the ten thousands digit of 68151684?
5
What is the hundred thousands digit of 279898860?
8
What is the ten thousands digit of 1235692818?
9
What is the thousands digit of 3572597465?
7
What is the millions digit of 45971654?
5
What is the ten thousands digit of 536235146?
3
What is the thousands digit of 152407256?
7
What is the thousands digit of 69912594?
2
What is the ten thousands digit of 75375669?
7
What is the hundred thousands digit of 418879811?
8
What is the thousands digit of 717625417?
5
What is the ten thousands digit of 5748837?
4
What is the hundred millions digit of 1614399352?
6
What is the ten millions digit of 198588147?
9
What is the hundred thousands digit of 994955624?
9
What is the thousands digit of 79351580?
1
What is the hundred thousands digit of 166020839?
0
What is the thousands digit of 4280171?
0
What is the ten millions digit of 2146805982?
4
What is the hundred thousands digit of 908213973?
2
What is the billions digit of 1602184165?
1
What is the millions digit of 41425608?
1
What is the hundred millions digit of 230012652?
2
What is the units digit of 6160227?
7
What is the units digit of 41482710?
0
What is the ten thousands digit of 5963103769?
0
What is the ten millions digit of 44781610?
4
What is the hundred thousands digit of 586661476?
6
What is the ten millions digit of 2208975230?
0
What is the hundred thousands digit of 900865481?
8
What is the units digit of 340087620?
0
What is the ten millions digit of 3509327994?
0
What is the units digit of 6127006115?
5
What is the hundreds digit of 245451044?
0
What is the hundreds digit of 128072126?
1
What is the millions digit of 7625668781?
5
What is the hundreds digit of 9887603879?
8
What is the tens digit of 151085331?
3
What is the thousands digit of 411564640?
4
What is the ten millions digit of 461142952?
6
What is the ten thousands digit of 878099324?
9
What is the units digit of 3757711356?
6
What is the hundred thousands digit of 1107906973?
9
What is the ten millions digit of 41964690?
4
What is the ten millions digit of 28037292?
2
What is the units digit of 2785573758?
8
What is the hundred millions digit of 849552900?
8
What is the units digit of 53709956?
6
What is the hundred millions digit of 313764840?
3
What is the hundred millions digit of 2188672500?
1
What is the billions digit of 2655447024?
2
What is the thousands digit of 220785015?
5
What is the millions digit of 5853464156?
3
What is the units digit of 1687123979?
9
What is the ten thousands digit of 51600162?
0
What is the millions digit of 1429979623?
9
What is the thousands digit of 4600151038?
1
What is the millions digit of 870396000?
0
What is the ten thousands digit of 710337069?
3
What is the tens digit of 60977485?
8
What is the ten millions digit of 112233420?
1
What is the thousands digit of 92682012?
2
What is the hundred thousands digit of 89084076?
0
What is the ten thousands digit of 64306664?
0
What is the hundreds digit of 213639638?
6
What is the hundred thousands digit of 6582642?
5
What is the hundred millions digit of 719183723?
7
What is the hundred millions digit of 332292148?
3
What is the units digit of 258225078?
8
What is the hundred t